{"id":112,"date":"2020-09-10T13:17:07","date_gmt":"2020-09-10T13:17:07","guid":{"rendered":"https:\/\/www.tax365.de\/?page_id=112"},"modified":"2020-12-09T13:29:45","modified_gmt":"2020-12-09T13:29:45","slug":"impressum","status":"publish","type":"page","link":"https:\/\/www.tax365.de\/index.php\/impressum\/","title":{"rendered":"Impressum"},"content":{"rendered":"\n<div style=\"height:77px\" aria-hidden=\"true\" class=\"wp-block-spacer\"><\/div>\n\n\n\n<h1 class=\"wp-block-heading\">Impressum<\/h1>\n\n\n\n<div style=\"height:20px\" aria-hidden=\"true\" class=\"wp-block-spacer\"><\/div>\n\n\n\n<p><strong>Im Auftrag von:<\/strong><\/p>\n\n\n\n<p><strong>Frank Heimer<\/strong><br>Steuerberater<br>Schulstra\u00dfe 32<\/p>\n\n\n\n<p>09337 Hohenstein-Ernstthal<\/p>\n\n\n\n<p>Telefon: 03723 4191-0<br>Fax: 03723 4191-50<br>E-Mail: kanzlei.heimer@tax365.de<\/p>\n\n\n\n<hr class=\"wp-block-separator has-text-color has-background is-style-wide\" style=\"background-color:#0080c9;color:#0080c9\"\/>\n\n\n\n<p><strong>Inhaber:<br><\/strong>Frank Heimer<\/p>\n\n\n\n<p>Die gesetzliche Berufsbezeichnung \u201eSteuerberater\u201c wurde in der Bundesrepublik Deutschland verliehen.<\/p>\n\n\n\n<p><strong>Zust\u00e4ndige Aufsichtsbeh\u00f6rde:<\/strong><br><a href=\"http:\/\/sbk-sachsen.de\/\" target=\"_blank\" rel=\"noreferrer noopener\">Steuerberaterkammer Sachsen<\/a><br>Emil-Fuchs-Stra\u00dfe 2<br>04105 Leipzig<\/p>\n\n\n\n<p>Telefon: 0341 56336-0<br>Fax: 0341 56336-20<br>E-Mail: info@sbk-sachsen.de<\/p>\n\n\n\n<p><strong>Realisiert durch:<\/strong><br><a href=\"https:\/\/www.nettask.de\" target=\"_blank\" rel=\"noreferrer noopener\">NetTask GmbH<\/a><\/p>\n\n\n\n<hr class=\"wp-block-separator is-style-default\"\/>\n\n\n\n<div style=\"height:100px\" aria-hidden=\"true\" class=\"wp-block-spacer\"><\/div>\n\n\n\n<p><\/p>\n","protected":false},"excerpt":{"rendered":"<p>Impressum Im Auftrag von: Frank HeimerSteuerberaterSchulstra\u00dfe 32 09337 Hohenstein-Ernstthal Telefon: 03723 4191-0Fax: 03723 4191-50E-Mail: kanzlei.heimer@tax365.de Inhaber:Frank Heimer Die gesetzliche Berufsbezeichnung \u201eSteuerberater\u201c wurde in der Bundesrepublik Deutschland verliehen. Zust\u00e4ndige Aufsichtsbeh\u00f6rde:Steuerberaterkammer SachsenEmil-Fuchs-Stra\u00dfe 204105 Leipzig Telefon: 0341 56336-0Fax: 0341 56336-20E-Mail: info@sbk-sachsen.de Realisiert durch:NetTask GmbH<\/p>\n","protected":false},"author":1,"featured_media":0,"parent":0,"menu_order":0,"comment_status":"closed","ping_status":"closed","template":"","meta":{"_uag_custom_page_level_css":"","site-sidebar-layout":"default","site-content-layout":"plain-container","ast-site-content-layout":"default","site-content-style":"default","site-sidebar-style":"default","ast-global-header-display":"","ast-banner-title-visibility":"","ast-main-header-display":"","ast-hfb-above-header-display":"","ast-hfb-below-header-display":"","ast-hfb-mobile-header-display":"","site-post-title":"","ast-breadcrumbs-content":"","ast-featured-img":"","footer-sml-layout":"","ast-disable-related-posts":"","theme-transparent-header-meta":"default","adv-header-id-meta":"","stick-header-meta":"","header-above-stick-meta":"","header-main-stick-meta":"","header-below-stick-meta":"","astra-migrate-meta-layouts":"default","ast-page-background-enabled":"default","ast-page-background-meta":{"desktop":{"background-color":"","background-image":"","background-repeat":"repeat","background-position":"center center","background-size":"auto","background-attachment":"scroll","background-type":"","background-media":"","overlay-type":"","overlay-color":"","overlay-opacity":"","overlay-gradient":""},"tablet":{"background-color":"","background-image":"","background-repeat":"repeat","background-position":"center center","background-size":"auto","background-attachment":"scroll","background-type":"","background-media":"","overlay-type":"","overlay-color":"","overlay-opacity":"","overlay-gradient":""},"mobile":{"background-color":"","background-image":"","background-repeat":"repeat","background-position":"center center","background-size":"auto","background-attachment":"scroll","background-type":"","background-media":"","overlay-type":"","overlay-color":"","overlay-opacity":"","overlay-gradient":""}},"ast-content-background-meta":{"desktop":{"background-color":"var(--ast-global-color-5)","background-image":"","background-repeat":"repeat","background-position":"center center","background-size":"auto","background-attachment":"scroll","background-type":"","background-media":"","overlay-type":"","overlay-color":"","overlay-opacity":"","overlay-gradient":""},"tablet":{"background-color":"var(--ast-global-color-5)","background-image":"","background-repeat":"repeat","background-position":"center center","background-size":"auto","background-attachment":"scroll","background-type":"","background-media":"","overlay-type":"","overlay-color":"","overlay-opacity":"","overlay-gradient":""},"mobile":{"background-color":"var(--ast-global-color-5)","background-image":"","background-repeat":"repeat","background-position":"center center","background-size":"auto","background-attachment":"scroll","background-type":"","background-media":"","overlay-type":"","overlay-color":"","overlay-opacity":"","overlay-gradient":""}},"footnotes":""},"class_list":["post-112","page","type-page","status-publish","hentry"],"uagb_featured_image_src":{"full":false,"thumbnail":false,"medium":false,"medium_large":false,"large":false,"1536x1536":false,"2048x2048":false},"uagb_author_info":{"display_name":"admin","author_link":"https:\/\/www.tax365.de\/index.php\/author\/tax365_svlwx6xy\/"},"uagb_comment_info":0,"uagb_excerpt":"Impressum Im Auftrag von: Frank HeimerSteuerberaterSchulstra\u00dfe 32 09337 Hohenstein-Ernstthal Telefon: 03723 4191-0Fax: 03723 4191-50E-Mail: kanzlei.heimer@tax365.de Inhaber:Frank Heimer Die gesetzliche Berufsbezeichnung \u201eSteuerberater\u201c wurde in der Bundesrepublik Deutschland verliehen. Zust\u00e4ndige Aufsichtsbeh\u00f6rde:Steuerberaterkammer SachsenEmil-Fuchs-Stra\u00dfe 204105 Leipzig Telefon: 0341 56336-0Fax: 0341 56336-20E-Mail: info@sbk-sachsen.de Realisiert durch:NetTask GmbH","_links":{"self":[{"href":"https:\/\/www.tax365.de\/index.php\/wp-json\/wp\/v2\/pages\/112","targetHints":{"allow":["GET"]}}],"collection":[{"href":"https:\/\/www.tax365.de\/index.php\/wp-json\/wp\/v2\/pages"}],"about":[{"href":"https:\/\/www.tax365.de\/index.php\/wp-json\/wp\/v2\/types\/page"}],"author":[{"embeddable":true,"href":"https:\/\/www.tax365.de\/index.php\/wp-json\/wp\/v2\/users\/1"}],"replies":[{"embeddable":true,"href":"https:\/\/www.tax365.de\/index.php\/wp-json\/wp\/v2\/comments?post=112"}],"version-history":[{"count":12,"href":"https:\/\/www.tax365.de\/index.php\/wp-json\/wp\/v2\/pages\/112\/revisions"}],"predecessor-version":[{"id":193,"href":"https:\/\/www.tax365.de\/index.php\/wp-json\/wp\/v2\/pages\/112\/revisions\/193"}],"wp:attachment":[{"href":"https:\/\/www.tax365.de\/index.php\/wp-json\/wp\/v2\/media?parent=112"}],"curies":[{"name":"wp","href":"https:\/\/api.w.org\/{rel}","templated":true}]}}